te?
False
Is 5975803591 composite?
True
Is 2900681081 a prime number?
False
Is 9680729143 a composite number?
False
Is 5947485979 composite?
False
Is 715556377 composite?
True
Is 396221707 a prime number?
False
Is 66509929 composite?
False
Is 376613717 composite?
False
Is 3219218857 composite?
True
Is 2567333845 a prime number?
False
Is 685697699 a prime number?
True
Is 685949339 a composite number?
False
Is 1079219017 composite?
False
Is 40636260971 composite?
True
Is 12222408829 prime?
True
Is 564451843 a composite number?
True
Is 665863831 a prime number?
False
Is 1025962431163 a composite number?
False
Is 21360736223 a composite number?
True
Is 558256913 prime?
True
Is 3082910861 a composite number?
True
Is 29175258527 prime?
True
Is 13304805721 composite?
False
Is 17490011323 prime?
True
Is 6710369 composite?
False
Is 3711365279 a composite number?
True
Is 7075673083 composite?
True
Is 10680158873 a prime number?
False
Is 4402428033 composite?
True
Is 1529269387 prime?
False
Is 100956473 a composite number?
True
Is 1014254909 prime?
True
Is 5761017347 a composite number?
False
Is 432516113 prime?
False
Is 17730213373 a composite number?
False
Is 5687234629 a composite number?
True
Is 20840716709 a prime number?
False
Is 3198674417 a prime number?
True
Is 172435441 prime?
True
Is 5677743289 prime?
True
Is 404471099 prime?
True
Is 4126857929 prime?
True
Is 7568521967 a composite number?
False
Is 198631581 composite?
True
Is 1185913277 prime?
False
Is 1582599055 a composite number?
True
Is 82673453 composite?
False
Is 96461690363 composite?
True
Is 316681843453 a composite number?
False
Is 468034079 a prime number?
False
Is 67313417 a prime number?
False
Is 111196931 a prime number?
True
Is 984562741 prime?
True
Is 270357091 prime?
True
Is 17438814839 a composite number?
False
Is 1149829751 prime?
False
Is 2880606067 composite?
False
Is 1835666611 composite?
True
Is 4467399861 prime?
False
Is 1474189373 composite?
True
Is 21429389 composite?
False
Is 2473231361 a prime number?
True
Is 794625889 composite?
False
Is 7080740417 a composite number?
True
Is 53120221061 a prime number?
True
Is 5883000673 a prime number?
False
Is 11041966823 composite?
False
Is 770231239 prime?
False
Is 2187292183 composite?
False
Is 13158706051 composite?
True
Is 104179088843 prime?
False
Is 17116710371 prime?
True
Is 8996580611 a composite number?
False
Is 2198694209 a prime number?
True
Is 2991572069 a composite number?
False
Is 1060148423 a composite number?
False
Is 6391403303 a prime number?
False
Is 8348737765 composite?
True
Is 201498308833 composite?
True
Is 2179212311 composite?
False
Is 26634127883 a prime number?
False
Is 142858974721 composite?
True
Is 1357533053 prime?
False
Is 62159040521 a composite number?
True
Is 8301556381 a composite number?
False
Is 115571451673 a composite number?
False
Is 3984843271 composite?
False
Is 3020049849 composite?
True
Is 487864679 prime?
False
Is 218105753 a composite number?
True
Is 7373863841 prime?
True
Is 3912776869 a prime number?
True
Is 80497893191 a prime number?
True
Is 113374955591 composite?
False
Is 1725790613 a composite number?
False
Is 6205777187 a prime number?
True
Is 36277823741 a prime number?
True
Is 563565421 a prime number?
False
Is 1573514221 prime?
True
Is 78894820607 composite?
False
Is 22692798593 composite?
True
Is 5103501791 composite?
False
Is 1114771219 a composite number?
True
Is 3306262951 a composite number?
False
Is 523049327 prime?
True
Is 526582285 a prime number?
False
Is 80917339 a composite number?
False
Is 257888959 composite?
True
Is 2121688117 prime?
False
Is 1399813579 a prime number?
False
Is 260367509 prime?
False
Is 2584931831 a composite number?
True
Is 23262765817 a prime number?
True
Is 20909252717 composite?
False
Is 2116519751 composite?
False
Is 608115743 a prime number?
False
Is 128507891 a prime number?
True
Is 485788393 prime?
True
Is 59209875349 a prime number?
False
Is 846587251 a prime number?
True
Is 1468654049 composite?
False
Is 6356646671 composite?
False
Is 4484923139 a prime number?
True
Is 7453345259 prime?
True
Is 555672870991 composite?
True
Is 11246091691 prime?
False
Is 1648457561 prime?
True
Is 22966248577 a composite number?
True
Is 1028834699 prime?
True
Is 6811374439 prime?
True
Is 3241071629 a composite number?
False
Is 1837885961 prime?
False
Is 2941141759 composite?
True
Is 4305657 a prime number?
False
Is 220937819 a prime number?
True
Is 15708026573 a composite number?
True
Is 10293235067 prime?
True
Is 210120719 a prime number?
True
Is 6540871 prime?
True
Is 1946492049 composite?
True
Is 8844042511 prime?
False
Is 35310167 a prime number?
True
Is 125243899481 a prime number?
True
Is 1145439293 a prime number?
True
Is 162393863 prime?
False
Is 10038648487 prime?
False
Is 22143267821 prime?
True
Is 692876419 a composite number?
False
Is 50510594267 composite?
True
Is 9653620607 a composite number?
False
Is 94752807491 a composite number?
False
Is 9078160753 prime?
False
Is 1197845699 a prime number?
False
Is 3067392563 composite?
True
Is 6891187301 prime?
False
Is 938239487 a composite number?
False
Is 2999239109 composite?
False
Is 948065317 a composite number?
True
Is 8649621283 a composite number?
True
Is 5677082717 composite?
True
Is 146846246887 composite?
True
Is 6022063877 a composite number?
False
Is 73169617355 composite?
True
Is 30058509287 a prime number?
True
Is 6735238115 a prime number?
False
Is 302129167 a composite number?
True
Is 37853363329 prime?
True
Is 183106487 a prime number?
False
Is 806496023 a composite number?
False
Is 643481011 prime?
True
Is 105811485373 a prime number?
False
Is 7900206719 prime?
True
Is 7637906629 prime?
False
Is 15568213387 a prime number?
True
Is 3549425171 a prime number?
False
Is 13517213951 prime?
True
Is 25100853019 prime?
False
Is 550673723 a prime number?
True
Is 3589750511 prime?
False
Is 9980877723 prime?
False
Is 2551783229 a prime number?
False
Is 249460938731 a prime number?
False
Is 3706457891 a prime number?
False
Is 152474417 composite?
True
Is 19544539253 composite?
False
Is 422862259 a composite number?
True
Is 8126292107 a prime number?
True
Is 314505809 a composite number?
True
Is 10044266579 composite?
False
Is 28136520773 a composite number?
False
Is 382395281 a prime number?
True
Is 111013649 a composite number?
False
Is 468483510959 a prime number?
True
Is 33609682427 a composite number?
True
Is 2963479499 a prime number?
True
Is 10457994811 prime?
False
Is 5298520829 composite?
True
Is 43401471 composite?
True
Is 17741566727 composite?
True
Is 6298381603 composite?
True
Is 99910333 a composite number?
True
Is 26537980091 a composite number?
True
Is 23968138919 a prime number?
True
Is 538164733 a prime number?
False
Is 60984150889 a prime number?
True
Is 2693321987 prime?
True
Is 1183409207 a prime number?
False
Is 22463459 a composite number?
True
Is 1985205887 composite?
True
Is 84810555157 a prime number?
False
Is 996733337 a prime number?
False
Is 19338889643 a composite number?
True
Is 680097021 composite?
True
Is 90363311 prime?
False
Is 1185312211 a prime number?
True
Is 612497057 a composite number?
False
Is 23645598113 composite?
True
Is 20839884283 composite?
True
Is 2138416783 prime?
False
Is 143626692805 a prime number?
False
Is 11984863267 composite?
True
Is 1616402987 a prime number?
True
Is 4369881829 a prime number?
False
Is 13504479241 a composite number?
True
Is 28687010367 prime?
False
Is 1620726931 prime?
False
Is 995851697 composite?
False
Is 22083039943 a composite number?
True
Is 2815480147 a composite number?
True
Is 483723851 a prime number?
False
Is 24999044503 a composite number?
True
Is 1182118837 composite?
True
Is 32482367 composite?
True
Is 320937069 a prime number?
False
Is 3258005393 prime?
False
Is 114342043 a prime number?
False
Is 2593849399 composite?
True
Is 9554030933 prime?
True
Is 24975421 a prime number?
True
Is 1583681669 a prime number?
True
Is 31641024511 a composite number?
False
Is 7005283409 composite?
False
Is 536810471 composite?
False
Is 51789616031 prime?
True
Is 482187487 a composite number?
True
Is 620341937 a composite number?
True
Is 70061604419 composite?
False
Is 4854706613 prime?
False
Is 5893628477 composi